 1. What are the prime factors of s?
5
Let u = 30 - 47. Let k be (-83)/(-3) - (-3)/9. Let z = k + u. What are the prime factors of z?
11
Suppose -5*t = 31 + 279. Let o = t + -7. List the prime factors of o/(-6) - 2/4.
11
Suppose -2*z = -b - 49, 2*z - 18 = 4*b + 28. Suppose -z = 3*d + 2*d. What are the prime factors of (0 + 1)/(d/(-50))?
2, 5
Suppose -3*x - 60 = -279. List the prime factors of x.
73
Let w(f) = -f**2 - 17*f - 10. Let d be w(-7). Suppose 2*u = 6*u + d. What are the prime factors of u/(-25) - (-44)/10?
5
Let u(i) = 2*i**3 + 10*i**2 + 6*i - 7. Let r(v) = v**3 + 5*v**2 + 3*v - 3. Let s(x) = 5*r(x) - 2*u(x). List the prime factors of s(-4).
3
Let b(v) = -v**2 - 7*v - 6. Let i be b(-5). What are the prime factors of (21/4)/(1/i)?
3, 7
Let v(w) = -18*w + 10. List the prime factors of v(-10).
2, 5, 19
List the prime factors of (3 - 0/(-1)) + 65.
2, 17
Suppose 5*k + 18 = 2*k. Let x = k + 22. What are the prime factors of x?
2
Suppose 5*k - 252 = -32. List the prime factors of k.
2, 11
Let x = -45 - -71. What are the prime factors of x?
2, 13
Let c(t) = -t**3 + 23*t**2 - 13*t - 12. List the prime factors of c(22).
2, 3, 31
Let r = 5 + -3. Suppose 6*v - v - 182 = -j, -4*v = r*j - 142. List the prime factors of v.
37
Let z = 656 + -322. Let b be z/10 - (-6)/(-15). Let f = b - 20. What are the prime factors of f?
13
Let l(b) = -2*b - 2. Let g be l(-2). Suppose m + 4 = g*m. What are the prime factors of m?
2
Let j = 21 + -7. Let x(p) = -p**3 + 15*p**2 - 14*p + 3. What are the prime factors of x(j)?
3
Let d(r) = -2*r + 7. Let b be d(-5). Let c = b - -3. What are the prime factors of c?
2, 5
Suppose -f = 4*b - 18, -3*f = -0*b + 3*b - 9. Suppose 8 = -b*q + 73. Let w = -4 + q. What are the prime factors of w?
3
Let d(c) = c + 3. Let o be d(-3). Let t(s) = s**2 + 4*s - 3. Let w be t(-5). Suppose -4*z - 3*h + 36 = o, -z - h - w = -3*h. What are the prime factors of z?
2, 3
Let x(h) = h - 6. Let i be x(5). Let p(o) = -5*o - 1. Let a be p(i). Suppose 0 = a*y + 4*t + 8, t - 4 = -3*y - y. What are the prime factors of y?
2
Let w(h) = h + 6. Let r be w(-5). What are the prime factors of r/(((-8)/(-14))/4)?
7
Suppose 0 = 5*v - 6 - 4. List the prime factors of (-1 - 0)/(v/(-50)).
5
Let g(x) = -x**3 - x**2 + 8*x + 7. List the prime factors of g(-5).
67
Let t = 139 - 34. List the prime factors of t.
3, 5, 7
Let z(q) = -20*q**3 - 3*q**2 - 5*q - 1. What are the prime factors of z(-2)?
157
Let o(l) = 6*l - 1 + 7*l**2 + l**3 - 5 - 1 + 4. List the prime factors of o(-5).
17
Suppose 118 = -3*a - 11. Let r = 21 + a. Let v = r - -37. What are the prime factors of v?
3, 5
Let k(l) = -8*l + 50. List the prime factors of k(6).
2
Let k = 1 - -5. Let q be -3*(3 - 22/k). Suppose 0 = 5*c - 3*s + 7*s - 10, -q*c = 5*s + 13. List the prime factors of c.
2, 3
Suppose 3*q - 57 = 225. List the prime factors of q.
2, 47
Let h(n) be the third derivative of n**5/30 - 3*n**4/8 + 2*n**3/3 - 4*n**2. List the prime factors of h(6).
2, 11
Let y(s) = -9*s - 2. List the prime factors of y(-3).
5
Let x be 5/2*(-8)/(-10). Suppose n - 2*n = x. What are the prime factors of ((-4)/12)/(n/30)?
5
Let t be -2*((-114)/4)/3. Let c be (t/(-2))/(2/(-4)). Suppose 3*g + 1 = c. List the prime factors of g.
2, 3
Let h(o) = -o**2 + 2*o + 3. Let m be h(3). Let j(u) = 3*u**2 + m + 4 - 5*u**3 - 4*u + 6*u**3. What are the prime factors of j(-4)?
2
What are the prime factors of 87*(-4)/(-12) - -3?
2
Suppose 3*q + 45 + 7 = m, 3*m = -5*q - 96. Let j be (q/(-6))/((-3)/(-2)). What are the prime factors of (j/4)/1*10?
5
Suppose 1 = p, 4*j - 7 = 5*p - 0*p. Let s(v) = -3*v + j*v**2 - 1 + 1 + 4*v. List the prime factors of s(1).
2
Suppose 46 = 3*v + u - 24, -4*v = -u - 98. What are the prime factors of v?
2, 3
Let f(k) = -k**2 - 4*k + 7. Suppose 0 = 2*h - 3*x + 6, x = 3 + 1. Let p = h + -8. What are the prime factors of f(p)?
2
Let s = 9 - -30. What are the prime factors of 1125/s + 4/26?
29
Suppose 9*q = 13*q - 436. What are the prime factors of q?
109
Let c = 69 + -30. What are the prime factors of c?
3, 13
Suppose 4*c + 2 - 10 = 0. Suppose 0 = c*a - 4*a - 8, -4*m + 4*a = -28. Suppose 2*l + 16 = -2*l, m*z = 4*l + 34. List the prime factors of z.
2, 3
Suppose 0 = 2*p + 5*p - 1904. What are the prime factors of p?
2, 17
Let k(h) = -h**2. Let j(g) = -g**2 - g. Let p(f) = 2*j(f) - 3*k(f). List the prime factors of p(4).
2
Let n(z) = -z**3 + 3*z**2 - 3*z + 2. Let y be n(2). Suppose 3*q - 3 = -y*q. Let s = 4 - q. What are the prime factors of s?
3
Let f(d) = d**3 + 6*d**2 - 13*d - 13. Let g(q) = q**2. Let k(j) = f(j) + 4*g(j). Let i = -11 - 0. What are the prime factors of k(i)?
3
Suppose 2*a = -a. Suppose -3*h + 5*m - 4 = a, -5*h + 0*m - 5*m + 20 = 0. What are the prime factors of h?
2
Suppose -2*a = 10 - 2. Let c = a + 8. What are the prime factors of c?
2
Suppose 5*d - 57 = -i, 4*d - 149 = -3*i - 0*d. What are the prime factors of i?
47
Let z = 17 - 8. Let j = 37 + -21. Let p = j - z. List the prime factors of p.
7
Suppose -3*q + 4*q = 2*x + 4, -3*q - x - 23 = 0. Let v = q - -12. List the prime factors of v.
2, 3
Let r be (1 + 0)*(-2 - -3). List the prime factors of (-295)/(-10) + r/2.
2, 3, 5
Suppose d - 1 = 0, -5*y = d + 2*d - 23. Let h(z) = 4*z + 24. Let c be h(11). Suppose o = 4*b + 26, -3*b - b = -y*o + c. List the prime factors of o.
2, 7
Let o(q) = 3 - 6 - 5 + 7 - 5*q. List the prime factors of o(-1).
2
Let p(o) = o**2 + 11*o. List the prime factors of p(8).
2, 19
Suppose -2*w + 2 = -2. Suppose -4*k + 4*o = -8, -3 = -k + w*o - 2. Suppose -h - 4*t = 6 - 2, -5*h = k*t - 31. What are the prime factors of h?
2
Suppose 4*o - 165 = 5*y, -4*o = 5*y - 1 - 114. Suppose 5*i = o + 15. What are the prime factors of i?
2, 5
Suppose 156 = -3*k + 3. Suppose w + 7 = -8. What are the prime factors of k/w - 2/5?
3
Let h(w) = -2*w - 4. Let b be h(-4). Suppose 3*v = -5*o + b*v + 78, -4*o - 2*v = -54. List the prime factors of o.
3, 5
Suppose -4*r = -3*n + 8, 20 + 28 = 4*n + 4*r. Suppose 3*u - 10 = n. Suppose 0 = 4*k + 3*f - 53 - 4, u = 2*f. What are the prime factors of k?
2, 3
Suppose -29 + 305 = 2*c. What are the prime factors of c?
2, 3, 23
Suppose -d + 1 + 1 = 0. Suppose b + 5*a = 13, d*b - 2*a = a. Suppose -b*p = y, 0 = 2*p + 2*p + 12. What are the prime factors of y?
3
Let i(o) be the first derivative of -o**4/4 + 5*o**3/3 + 9*o**2/2 - 9*o - 3. List the prime factors of i(6).
3
Suppose -d - 3 = -4*p, 3*d - 2*p = d. What are the prime factors of 2*(11 - 2)*d?
2, 3
Suppose 0*m + 2*h + 32 = -2*m, -3*h - 64 = 4*m. Let l = -10 - m. Suppose -l*c + 9 = -3*c. List the prime factors of c.
3
Let m(k) = -k**2 - 6*k + 4. Let y = -15 + 9. What are the prime factors of m(y)?
2
Let h be (-1 - -7) + -3 + 0. Let f be 2/h*15/1. What are the prime factors of (-13)/(-3) + f/15?
5
Suppose m = 6*m - 20. What are the prime factors of 7 + 4/16*m?
2
Let q(y) = -y**3 + 4*y + 3. Let o(i) = -4*i**2 + 10 + 5*i - 8 + 5*i**2. Let g be o(-4). List the prime factors of q(g).
3
Suppose 4*g = -5*h + 15, 3*g = 2*h + 6*g - 6. Suppose 4*f - v = -f + 22, -4*f - h*v = -10. What are the prime factors of f?
2
Let c = -5 + 16. Suppose -i = c - 30. List the prime factors of i.
19
Let f = 28 - 20. List the prime factors of f/6*84/8.
2, 7
Let s be 6/12*48/2. What are the prime factors of (-3 - -1)*(-150)/s?
5
Let x = 3 + -1. Let r be x*(3 + -2)/2. Let k(m) = 5*m**3 - m**2 + 1. List the prime factors of k(r).
5
Suppose 2*h = -5*y + 53, 6 = 3*y + 3*h - 24. What are the prime factors of y?
11
Let y = 353 + -243. List the prime factors of y.
2, 5, 11
What are the prime factors of (-13)/(-4 - 27/(-7))?
7, 13
Let x be 2/3 - 21/(-9). Suppose -3*p + 2 = -4. Suppose 4*v - x*w = 43, -p*v - 2*w + 22 = -4*w. What are the prime factors of v?
2, 5
Suppose 3*q = 8*q - 240. What are the prime factors of q?
2, 3
Let w be (-26)/(-7) + 4/14. Let c(n) = 2*n**2 + 2*n - 1. Let z be c(2). Suppose -z = -j - w. List the prime factors of j.
7
Let q(c) be the first derivative of 3*c**2/2 - 11*c - 1. What are the prime factors of q(10)?
19
Suppose 62 = 5*d - 63. Suppose 0 = -5*x - d, 2*u - 2*x + x - 45 = 0. List the prime factors of u.
2, 5
Let a(d) = 0*d + 20 + 1 - d - 6. Suppose 0*u = -4*u. List the prime factors of a(u).
3, 5
What are the prime factors of 2/12 - 0 - (-857)/6?
11, 13
Let k(